{"id":892,"date":"2020-02-14T17:44:38","date_gmt":"2020-02-14T16:44:38","guid":{"rendered":"http:\/\/www.weigel-messgeraete.de\/en\/agb-copy\/"},"modified":"2021-04-14T16:32:06","modified_gmt":"2021-04-14T14:32:06","slug":"impressum","status":"publish","type":"page","link":"https:\/\/www.weigel-messgeraete.de\/en\/impressum\/","title":{"rendered":"Impressum"},"content":{"rendered":"<div id='full_slider_1'  class='avia-fullwidth-slider main_color avia-shadow   avia-builder-el-0  el_before_av_textblock  avia-builder-el-first   container_wrap fullsize' style=' '  ><div   data-size='featured'  data-lightbox_size='large'  data-animation='slide'  data-conditional_play=''  data-ids='895'  data-video_counter='0'  data-autoplay='false'  data-bg_slider='false'  data-slide_height=''  data-handle='av_slideshow_full'  data-interval='5'  data-class=' '  data-el_id=''  data-css_id=''  data-scroll_down=''  data-control_layout='av-control-default'  data-custom_markup=''  data-perma_caption=''  data-autoplay_stopper=''  data-image_attachment=''  data-min_height='0px'  data-lazy_loading='disabled'  data-src=''  data-position='top left'  data-repeat='no-repeat'  data-attach='scroll'  data-stretch=''  data-default-height='28.666666666667'  class='avia-slideshow avia-slideshow-1  av-control-default av-default-height-applied avia-slideshow-featured av_slideshow_full   avia-slide-slider '  itemprop=\"image\" itemscope=\"itemscope\" itemtype=\"https:\/\/schema.org\/ImageObject\" ><ul class='avia-slideshow-inner ' style='padding-bottom: 26.666666666667%;' ><li  class=' av-single-slide slide-1 ' ><div data-rel='slideshow-1' class='avia-slide-wrap '   ><img decoding=\"async\" class=\"wp-image-895 avia-img-lazy-loading-not-895\"  src=\"https:\/\/www.weigel-messgeraete.de\/en\/wp-content\/uploads\/sites\/2\/2020\/02\/HEADER_Impressum-1500x400.jpg\" width=\"1500\" height=\"400\" title='HEADER_Impressum' alt=''  itemprop=\"thumbnailUrl\"   \/><\/div><\/li><\/ul><\/div><\/div><div id='after_full_slider_1'  class='main_color av_default_container_wrap container_wrap fullsize' style=' '  ><div class='container' ><div class='template-page content  av-content-full alpha units'><div class='post-entry post-entry-type-page post-entry-892'><div class='entry-content-wrapper clearfix'>\n<section class=\"av_textblock_section \"  itemscope=\"itemscope\" itemtype=\"https:\/\/schema.org\/CreativeWork\" ><div class='avia_textblock  '   itemprop=\"text\" ><p>Weigel Me\u00dfger\u00e4te GmbH<\/p>\n<p>Am Farrnbach 4a<\/p>\n<p>90556 Cadolzburg<\/p>\n<p>Telefon +49 (9103) 62694-0<\/p>\n<p>Telefax +49 (9103) 62694-39<\/p>\n<p>Mail: info@weigel-messgeraete.de<\/p>\n<p>Amtsgericht N\u00fcrnberg, HRB 3333<\/p>\n<p>Gesch\u00e4ftsf\u00fchrung: Prof. Dr. h.c. Wolfgang Gilgen<\/p>\n<p>Steuer-Nr.: 24016804300<\/p>\n<p>Ust-IdNr: DE133543639<\/p>\n<h3>Data Protection statement<\/h3>\n<p>We are pleased that you are visiting our website and would like to thank you for your interest in our organisation and our site. Protection of your privacy when using our website is important to us. Please note the following information in that regard<\/p>\n<ol>\n<li><strong>Anonymous data collection<br \/>\n<\/strong>As a matter of principle, you can visit the Weigel Me\u00dfger\u00e4te GmbH website without telling us who you are. All we find out is the name of your internet service provider, the website from which you are visiting us and the pages of our website that you view. This information is analysed for statistical purposes. You, the individual user, remain anonymous.<\/li>\n<li><strong>Cookies<br \/>\n<\/strong>Due to technical reasons single pages of our website produce cookies. However these are not saved but are deleted at the end of an online session, respectively deleted automatically when the browser is closed. No personal data is gathered with it.<\/li>\n<li><strong>Usage and passing on of personal data<br \/>\n<\/strong>The personal data that you have given us is only processed internally and used internally for the administration of the service offer in question. This information is not accessible to third parties nor do we pass it on to third parties in any form. Merely when are obliged by a law or by means of a court decision to do so, we disclose the information.<\/li>\n<li><strong>Google Analytics<br \/>\n<\/strong>This website uses Google Analytics, a web analytics service provided by Google, Inc. (\u201cGoogle\u201d). Google Analytics uses \u201ccookies\u201d, which are text files placed on your computer, to help the website analyze how users use the site. The information generated by the cookie about your use of the website (including your IP address) will be transmitted to and stored by Google on servers in the United States . Google will use this information for the purpose of evaluating your use of the website, compiling reports on website activity for website operators and providing other services relating to website activity and internet usage. Google may also transfer this information to third parties where required to do so by law, or where such third parties process the information on Google\u2019s behalf. Google will not associate your IP address with any other data held by Google. You may refuse the use of cookies by selecting the appropriate settings on your browser, however please note that if you do this you may not be able to use the full functionality of this website. By using this website, you consent to the processing of data about you by Google in the manner and for the purposes set out above.<\/li>\n<li><strong>External links<br \/>\n<\/strong>To provide you with optimal information, our website contains links to third-party sites. Insofar as links of this kind are not obviously recognisable, we point out that they are external links. The Weigel Me\u00dfger\u00e4te GmbH has no influence on the content and design of other providers\u2019 websites. Therefore, the guarantees in this data protection statement naturally do not apply to those sites.<\/li>\n<\/ol>\n<p><strong>Copyrights<\/strong><\/p>\n<p>Die Nutzungsrechte f\u00fcr die Website und die Rechte f\u00fcr den Inhalt liegen bei Weigel Me\u00dfger\u00e4te GmbH, N\u00fcrnberg.<\/p>\n<p><strong>Konzeption + Gestaltung + Umsetzung<\/strong><\/p>\n<p>Christian L\u00fcck, Die Sehleute | B\u00fcro f\u00fcr visuelle Gestaltung, <a title=\"Die Sehleute | B\u00fcro f\u00fcr visuelle Gestaltung\" href=\"http:\/\/www.die-sehleute.de\" target=\"_blank\" rel=\"noopener noreferrer\">www.die-sehleute.de<\/a>.<\/p>\n<p><strong>Bild-Rechte<\/strong><\/p>\n<p>Die Urheberrechte f\u00fcr die verwendeten Fotografien liegen bei Weigel Me\u00dfger\u00e4te GmbH, N\u00fcrnberg und Christian L\u00fcck, Die Sehleute | B\u00fcro f\u00fcr visuelle Gestaltung, <a title=\"Die Sehleute | B\u00fcro f\u00fcr visuelle Gestaltung\" href=\"http:\/\/www.die-sehleute.de\" target=\"_blank\" rel=\"noopener noreferrer\">www.die-sehleute.de<\/a>.<\/p>\n<p>Die Urheberrechte f\u00fcr die Fotos im Bereich \u201cUnternehmen\u201d \/ \u201cEinsatzbereiche\u201d liegen bei VaclavMach (Rapsfeld), gjp311 (Schaltschrank), MarcelWenk (Gondel), smuay (Steuerrad), PHOTOERICK (Hubschrauber), leisuretime70 (Sonnenuntergang), industrieblick (Produktionsst\u00e4tte) (jeweils <a href=\"http:\/\/www.fotolia.com\" target=\"_blank\" rel=\"noopener noreferrer\">www.fotolia.com<\/a>)<\/p>\n<p>Jede unerlaubte Nutzung dieser Bilder ist untersagt.<\/p>\n<p><strong>Haftungsausschluss<\/strong><\/p>\n<p>Der Autor \u00fcbernimmt keinerlei Gew\u00e4hr f\u00fcr die Aktualit\u00e4t, Korrektheit, Vollst\u00e4ndigkeit oder Qualit\u00e4t der bereitgestellten Informationen. Haftungsanspr\u00fcche gegen den Autor, welche sich auf Sch\u00e4den materieller oder ideeller Art beziehen, die durch die dargebotenen Informationen verursacht wurden, sind grunds\u00e4tzlich ausgeschlossen.<\/p>\n<p><strong>Urheber- und Kennzeichenrecht<\/strong><\/p>\n<p>Das Copyright f\u00fcr ver\u00f6ffentlichte, vom Autor selbst erstellte Objekte bleibt allein beim Autor der Seiten. Eine Vervielf\u00e4ltigung oder Verwendung solcher Grafiken, Tondokumente, Videosequenzen und Texte in anderen elektronischen oder gedruckten Publikationen ist ohne ausdr\u00fcckliche Zustimmung des Autors nicht gestattet.<\/p>\n<p>Alle Urheberrechte hinsichtlich Konzept und Design liegen bei Christian L\u00fcck, Die Sehleute | B\u00fcro f\u00fcr visuelle Gestaltung, <a title=\"Die Sehleute | B\u00fcro f\u00fcr visuelle Gestaltung\" href=\"http:\/\/www.die-sehleute.de\" target=\"_blank\" rel=\"noopener noreferrer\">www.die-sehleute.de<\/a>.<\/p>\n<p><strong>Rechtswirksamkeit dieses Haftungsausschlusses<\/strong><\/p>\n<p>Dieser Haftungsausschluss ist als Teil dieses Internet-Angebotes zu betrachten. Sofern Teile oder einzelne Formulierungen dieses Textes der geltenden Rechtslage nicht, nicht mehr oder nicht vollst\u00e4ndig entsprechen sollten, bleiben die \u00fcbrigen Teile des Dokumentes in ihrem Inhalt und ihrer G\u00fcltigkeit davon unber\u00fchrt.<\/p>\n<p><strong>\u00a0<\/strong><\/p>\n<\/div><\/section>\n","protected":false},"excerpt":{"rendered":"","protected":false},"author":1,"featured_media":0,"parent":0,"menu_order":0,"comment_status":"closed","ping_status":"closed","template":"","meta":{"footnotes":""},"class_list":["post-892","page","type-page","status-publish","hentry"],"yoast_head":"<!-- This site is optimized with the Yoast SEO plugin v25.6 - https:\/\/yoast.com\/wordpress\/plugins\/seo\/ -->\n<title>Impressum - EN<\/title>\n<meta name=\"robots\" content=\"index, follow, max-snippet:-1, max-image-preview:large, max-video-preview:-1\" \/>\n<link rel=\"canonical\" href=\"https:\/\/www.weigel-messgeraete.de\/en\/impressum\/\" \/>\n<meta property=\"og:locale\" content=\"en_US\" \/>\n<meta property=\"og:type\" content=\"article\" \/>\n<meta property=\"og:title\" content=\"Impressum - EN\" \/>\n<meta property=\"og:url\" content=\"https:\/\/www.weigel-messgeraete.de\/en\/impressum\/\" \/>\n<meta property=\"og:site_name\" content=\"EN\" \/>\n<meta property=\"article:modified_time\" content=\"2021-04-14T14:32:06+00:00\" \/>\n<meta name=\"twitter:card\" content=\"summary_large_image\" \/>\n<meta name=\"twitter:label1\" content=\"Est. reading time\" \/>\n\t<meta name=\"twitter:data1\" content=\"5 minutes\" \/>\n<script type=\"application\/ld+json\" class=\"yoast-schema-graph\">{\"@context\":\"https:\/\/schema.org\",\"@graph\":[{\"@type\":\"WebPage\",\"@id\":\"https:\/\/www.weigel-messgeraete.de\/en\/impressum\/\",\"url\":\"https:\/\/www.weigel-messgeraete.de\/en\/impressum\/\",\"name\":\"Impressum - EN\",\"isPartOf\":{\"@id\":\"https:\/\/www.weigel-messgeraete.de\/en\/#website\"},\"datePublished\":\"2020-02-14T16:44:38+00:00\",\"dateModified\":\"2021-04-14T14:32:06+00:00\",\"breadcrumb\":{\"@id\":\"https:\/\/www.weigel-messgeraete.de\/en\/impressum\/#breadcrumb\"},\"inLanguage\":\"en-US\",\"potentialAction\":[{\"@type\":\"ReadAction\",\"target\":[\"https:\/\/www.weigel-messgeraete.de\/en\/impressum\/\"]}]},{\"@type\":\"BreadcrumbList\",\"@id\":\"https:\/\/www.weigel-messgeraete.de\/en\/impressum\/#breadcrumb\",\"itemListElement\":[{\"@type\":\"ListItem\",\"position\":1,\"name\":\"Startseite\",\"item\":\"https:\/\/www.weigel-messgeraete.de\/en\/\"},{\"@type\":\"ListItem\",\"position\":2,\"name\":\"Impressum\"}]},{\"@type\":\"WebSite\",\"@id\":\"https:\/\/www.weigel-messgeraete.de\/en\/#website\",\"url\":\"https:\/\/www.weigel-messgeraete.de\/en\/\",\"name\":\"EN\",\"description\":\"\",\"potentialAction\":[{\"@type\":\"SearchAction\",\"target\":{\"@type\":\"EntryPoint\",\"urlTemplate\":\"https:\/\/www.weigel-messgeraete.de\/en\/?s={search_term_string}\"},\"query-input\":{\"@type\":\"PropertyValueSpecification\",\"valueRequired\":true,\"valueName\":\"search_term_string\"}}],\"inLanguage\":\"en-US\"}]}<\/script>\n<!-- \/ Yoast SEO plugin. -->","yoast_head_json":{"title":"Impressum - EN","robots":{"index":"index","follow":"follow","max-snippet":"max-snippet:-1","max-image-preview":"max-image-preview:large","max-video-preview":"max-video-preview:-1"},"canonical":"https:\/\/www.weigel-messgeraete.de\/en\/impressum\/","og_locale":"en_US","og_type":"article","og_title":"Impressum - EN","og_url":"https:\/\/www.weigel-messgeraete.de\/en\/impressum\/","og_site_name":"EN","article_modified_time":"2021-04-14T14:32:06+00:00","twitter_card":"summary_large_image","twitter_misc":{"Est. reading time":"5 minutes"},"schema":{"@context":"https:\/\/schema.org","@graph":[{"@type":"WebPage","@id":"https:\/\/www.weigel-messgeraete.de\/en\/impressum\/","url":"https:\/\/www.weigel-messgeraete.de\/en\/impressum\/","name":"Impressum - EN","isPartOf":{"@id":"https:\/\/www.weigel-messgeraete.de\/en\/#website"},"datePublished":"2020-02-14T16:44:38+00:00","dateModified":"2021-04-14T14:32:06+00:00","breadcrumb":{"@id":"https:\/\/www.weigel-messgeraete.de\/en\/impressum\/#breadcrumb"},"inLanguage":"en-US","potentialAction":[{"@type":"ReadAction","target":["https:\/\/www.weigel-messgeraete.de\/en\/impressum\/"]}]},{"@type":"BreadcrumbList","@id":"https:\/\/www.weigel-messgeraete.de\/en\/impressum\/#breadcrumb","itemListElement":[{"@type":"ListItem","position":1,"name":"Startseite","item":"https:\/\/www.weigel-messgeraete.de\/en\/"},{"@type":"ListItem","position":2,"name":"Impressum"}]},{"@type":"WebSite","@id":"https:\/\/www.weigel-messgeraete.de\/en\/#website","url":"https:\/\/www.weigel-messgeraete.de\/en\/","name":"EN","description":"","potentialAction":[{"@type":"SearchAction","target":{"@type":"EntryPoint","urlTemplate":"https:\/\/www.weigel-messgeraete.de\/en\/?s={search_term_string}"},"query-input":{"@type":"PropertyValueSpecification","valueRequired":true,"valueName":"search_term_string"}}],"inLanguage":"en-US"}]}},"_links":{"self":[{"href":"https:\/\/www.weigel-messgeraete.de\/en\/wp-json\/wp\/v2\/pages\/892","targetHints":{"allow":["GET"]}}],"collection":[{"href":"https:\/\/www.weigel-messgeraete.de\/en\/wp-json\/wp\/v2\/pages"}],"about":[{"href":"https:\/\/www.weigel-messgeraete.de\/en\/wp-json\/wp\/v2\/types\/page"}],"author":[{"embeddable":true,"href":"https:\/\/www.weigel-messgeraete.de\/en\/wp-json\/wp\/v2\/users\/1"}],"replies":[{"embeddable":true,"href":"https:\/\/www.weigel-messgeraete.de\/en\/wp-json\/wp\/v2\/comments?post=892"}],"version-history":[{"count":7,"href":"https:\/\/www.weigel-messgeraete.de\/en\/wp-json\/wp\/v2\/pages\/892\/revisions"}],"predecessor-version":[{"id":1385,"href":"https:\/\/www.weigel-messgeraete.de\/en\/wp-json\/wp\/v2\/pages\/892\/revisions\/1385"}],"wp:attachment":[{"href":"https:\/\/www.weigel-messgeraete.de\/en\/wp-json\/wp\/v2\/media?parent=892"}],"curies":[{"name":"wp","href":"https:\/\/api.w.org\/{rel}","templated":true}]}}

<div id='full_slider_1'  class='avia-fullwidth-slider main_color avia-shadow   avia-builder-el-0  el_before_av_textblock  avia-builder-el-first   container_wrap fullsize' style=' '  ><div   data-size='featured'  data-lightbox_size='large'  data-animation='slide'  data-conditional_play=''  data-ids='895'  data-video_counter='0'  data-autoplay='false'  data-bg_slider='false'  data-slide_height=''  data-handle='av_slideshow_full'  data-interval='5'  data-class=' '  data-el_id=''  data-css_id=''  data-scroll_down=''  data-control_layout='av-control-default'  data-custom_markup=''  data-perma_caption=''  data-autoplay_stopper=''  data-image_attachment=''  data-min_height='0px'  data-lazy_loading='disabled'  data-src=''  data-position='top left'  data-repeat='no-repeat'  data-attach='scroll'  data-stretch=''  data-default-height='28.666666666667'  class='avia-slideshow avia-slideshow-1  av-control-default av-default-height-applied avia-slideshow-featured av_slideshow_full   avia-slide-slider '  itemprop="image" itemscope="itemscope" itemtype="https://schema.org/ImageObject" ><ul class='avia-slideshow-inner ' style='padding-bottom: 26.666666666667%;' ><li  class=' av-single-slide slide-1 ' ><div data-rel='slideshow-1' class='avia-slide-wrap '   ><img decoding="async" class="wp-image-895 avia-img-lazy-loading-not-895"  src="https://www.weigel-messgeraete.de/en/wp-content/uploads/sites/2/2020/02/HEADER_Impressum-1500x400.jpg" width="1500" height="400" title='HEADER_Impressum' alt=''  itemprop="thumbnailUrl"   /></div></li></ul></div></div><div id='after_full_slider_1'  class='main_color av_default_container_wrap container_wrap fullsize' style=' '  ><div class='container' ><div class='template-page content  av-content-full alpha units'><div class='post-entry post-entry-type-page post-entry-892'><div class='entry-content-wrapper clearfix'>
<section class="av_textblock_section "  itemscope="itemscope" itemtype="https://schema.org/CreativeWork" ><div class='avia_textblock  '   itemprop="text" ><p>Weigel Meßgeräte GmbH</p>
<p>Am Farrnbach 4a</p>
<p>90556 Cadolzburg</p>
<p>Telefon +49 (9103) 62694-0</p>
<p>Telefax +49 (9103) 62694-39</p>
<p>Mail: info@weigel-messgeraete.de</p>
<p>Amtsgericht Nürnberg, HRB 3333</p>
<p>Geschäftsführung: Prof. Dr. h.c. Wolfgang Gilgen</p>
<p>Steuer-Nr.: 24016804300</p>
<p>Ust-IdNr: DE133543639</p>
<h3>Data Protection statement</h3>
<p>We are pleased that you are visiting our website and would like to thank you for your interest in our organisation and our site. Protection of your privacy when using our website is important to us. Please note the following information in that regard</p>
<ol>
<li><strong>Anonymous data collection<br />
</strong>As a matter of principle, you can visit the Weigel Meßgeräte GmbH website without telling us who you are. All we find out is the name of your internet service provider, the website from which you are visiting us and the pages of our website that you view. This information is analysed for statistical purposes. You, the individual user, remain anonymous.</li>
<li><strong>Cookies<br />
</strong>Due to technical reasons single pages of our website produce cookies. However these are not saved but are deleted at the end of an online session, respectively deleted automatically when the browser is closed. No personal data is gathered with it.</li>
<li><strong>Usage and passing on of personal data<br />
</strong>The personal data that you have given us is only processed internally and used internally for the administration of the service offer in question. This information is not accessible to third parties nor do we pass it on to third parties in any form. Merely when are obliged by a law or by means of a court decision to do so, we disclose the information.</li>
<li><strong>Google Analytics<br />
</strong>This website uses Google Analytics, a web analytics service provided by Google, Inc. (“Google”). Google Analytics uses “cookies”, which are text files placed on your computer, to help the website analyze how users use the site. The information generated by the cookie about your use of the website (including your IP address) will be transmitted to and stored by Google on servers in the United States . Google will use this information for the purpose of evaluating your use of the website, compiling reports on website activity for website operators and providing other services relating to website activity and internet usage. Google may also transfer this information to third parties where required to do so by law, or where such third parties process the information on Google’s behalf. Google will not associate your IP address with any other data held by Google. You may refuse the use of cookies by selecting the appropriate settings on your browser, however please note that if you do this you may not be able to use the full functionality of this website. By using this website, you consent to the processing of data about you by Google in the manner and for the purposes set out above.</li>
<li><strong>External links<br />
</strong>To provide you with optimal information, our website contains links to third-party sites. Insofar as links of this kind are not obviously recognisable, we point out that they are external links. The Weigel Meßgeräte GmbH has no influence on the content and design of other providers’ websites. Therefore, the guarantees in this data protection statement naturally do not apply to those sites.</li>
</ol>
<p><strong>Copyrights</strong></p>
<p>Die Nutzungsrechte für die Website und die Rechte für den Inhalt liegen bei Weigel Meßgeräte GmbH, Nürnberg.</p>
<p><strong>Konzeption + Gestaltung + Umsetzung</strong></p>
<p>Christian Lück, Die Sehleute | Büro für visuelle Gestaltung, <a title="Die Sehleute | Büro für visuelle Gestaltung" href="http://www.die-sehleute.de" target="_blank" rel="noopener noreferrer">www.die-sehleute.de</a>.</p>
<p><strong>Bild-Rechte</strong></p>
<p>Die Urheberrechte für die verwendeten Fotografien liegen bei Weigel Meßgeräte GmbH, Nürnberg und Christian Lück, Die Sehleute | Büro für visuelle Gestaltung, <a title="Die Sehleute | Büro für visuelle Gestaltung" href="http://www.die-sehleute.de" target="_blank" rel="noopener noreferrer">www.die-sehleute.de</a>.</p>
<p>Die Urheberrechte für die Fotos im Bereich “Unternehmen” / “Einsatzbereiche” liegen bei VaclavMach (Rapsfeld), gjp311 (Schaltschrank), MarcelWenk (Gondel), smuay (Steuerrad), PHOTOERICK (Hubschrauber), leisuretime70 (Sonnenuntergang), industrieblick (Produktionsstätte) (jeweils <a href="http://www.fotolia.com" target="_blank" rel="noopener noreferrer">www.fotolia.com</a>)</p>
<p>Jede unerlaubte Nutzung dieser Bilder ist untersagt.</p>
<p><strong>Haftungsausschluss</strong></p>
<p>Der Autor übernimmt keinerlei Gewähr für die Aktualität, Korrektheit, Vollständigkeit oder Qualität der bereitgestellten Informationen. Haftungsansprüche gegen den Autor, welche sich auf Schäden materieller oder ideeller Art beziehen, die durch die dargebotenen Informationen verursacht wurden, sind grundsätzlich ausgeschlossen.</p>
<p><strong>Urheber- und Kennzeichenrecht</strong></p>
<p>Das Copyright für veröffentlichte, vom Autor selbst erstellte Objekte bleibt allein beim Autor der Seiten. Eine Vervielfältigung oder Verwendung solcher Grafiken, Tondokumente, Videosequenzen und Texte in anderen elektronischen oder gedruckten Publikationen ist ohne ausdrückliche Zustimmung des Autors nicht gestattet.</p>
<p>Alle Urheberrechte hinsichtlich Konzept und Design liegen bei Christian Lück, Die Sehleute | Büro für visuelle Gestaltung, <a title="Die Sehleute | Büro für visuelle Gestaltung" href="http://www.die-sehleute.de" target="_blank" rel="noopener noreferrer">www.die-sehleute.de</a>.</p>
<p><strong>Rechtswirksamkeit dieses Haftungsausschlusses</strong></p>
<p>Dieser Haftungsausschluss ist als Teil dieses Internet-Angebotes zu betrachten. Sofern Teile oder einzelne Formulierungen dieses Textes der geltenden Rechtslage nicht, nicht mehr oder nicht vollständig entsprechen sollten, bleiben die übrigen Teile des Dokumentes in ihrem Inhalt und ihrer Gültigkeit davon unberührt.</p>
<p><strong> </strong></p>
</div></section>
